7) in base 14?
8
2 (base 11) to base 8
2
Convert 301 (base 4) to base 8.
61
Convert -4 (base 10) to base 12.
-4
-2 (base 4) to base 6
-2
-96 (base 13) to base 8
-173
Convert 48 (base 10) to base 8.
60
193 (base 11) to base 8
337
-a2 (base 13) to base 12
-b0
1011 (base 3) to base 7
43
Convert -2 (base 16) to base 5.
-2
What is 3 (base 7) in base 15?
3
What is -88 (base 9) in base 4?
-1100
What is -4 (base 6) in base 14?
-4
Convert 224 (base 9) to base 6.
504
-35 (base 8) to base 9
-32
Convert 47 (base 16) to base 14.
51
What is 7 (base 11) in base 16?
7
Convert -2 (base 12) to base 13.
-2
Convert -189 (base 10) to base 4.
-2331
What is 11010 (base 2) in base 5?
101
What is 2 (base 16) in base 12?
2
Convert 3 (base 14) to base 13.
3
Convert -5 (base 16) to base 3.
-12
-5 (base 12) to base 13
-5
14 (base 5) to base 8
11
What is 3 (base 8) in base 15?
3
Convert -26 (base 16) to base 13.
-2c
Convert -18 (base 14) to base 6.
-34
Convert 6b (base 13) to base 5.
324
Convert -3 (base 15) to base 3.
-10
1 (base 6) to base 16
1
9 (base 10) to base 13
9
What is 22 (base 7) in base 8?
20
What is -2 (base 15) in base 10?
-2
Convert -78 (base 11) to base 2.
-1010101
Convert 3 (base 11) to base 6.
3
Convert -334 (base 5) to base 12.
-7a
-a5 (base 16) to base 11
-140
What is 1010000 (base 2) in base 9?
88
What is 9 (base 14) in base 12?
9
What is -11 (base 14) in base 15?
-10
What is 5 (base 15) in base 2?
101
What is a (base 12) in base 16?
a
-1 (base 3) to base 8
-1
Convert -45 (base 6) to base 3.
-1002
Convert -1 (base 9) to base 16.
-1
What is -2 (base 8) in base 6?
-2
Convert -4 (base 9) to base 15.
-4
Convert bb (base 15) to base 11.
150
-10 (base 16) to base 9
-17
What is -37 (base 9) in base 13?
-28
b0 (base 16) to base 15
bb
4 (base 8) to base 14
4
-5 (base 15) to base 7
-5
Convert -4 (base 13) to base 10.
-4
What is -110 (base 8) in base 13?
-57
What is -341 (base 6) in base 15?
-8d
43 (base 12) to base 5
201
25 (base 10) to base 2
11001
What is 0 (base 2) in base 7?
0
What is -304 (base 5) in base 12?
-67
What is 1 (base 13) in base 4?
1
What is -20 (base 6) in base 9?
-13
Convert 22 (base 3) to base 16.
8
Convert -300 (base 4) to base 3.
-1210
1 (base 2) to base 6
1
What is -1 (base 8) in base 3?
-1
Convert -1 (base 2) to base 10.
-1
7 (base 11) to base 8
7
-25 (base 14) to base 16
-21
1 (base 11) to base 15
1
Convert -11 (base 13) to base 2.
-1110
What is -5 (base 10) in base 5?
-10
2020 (base 3) to base 14
44
What is 67 (base 14) in base 4?
1123
Convert 12122 (base 3) to base 7.
305
What is 1014 (base 5) in base 2?
10000110
What is 1 (base 11) in base 14?
1
6 (base 7) to base 13
6
What is 13 (base 6) in base 2?
1001
Convert 13 (base 10) to base 8.
15
1 (base 10) to base 12
1
101 (base 8) to base 4
1001
-3 (base 16) to base 7
-3
What is 111 (base 2) in base 5?
12
-24 (base 6) to base 4
-100
Convert -11 (base 9) to base 6.
-14
Convert 7 (base 14) to base 5.
12
-1 (base 8) to base 4
-1
-10 (base 7) to base 5
-12
Convert -113 (base 4) to base 5.
-43
What is 3 (base 13) in base 2?
11
What is -7 (base 10) in base 15?
-7
Convert 1 (base 11) to base 16.
1
What is 46 (base 7) in base 16?
22
10011 (base 2) to base 3
201
-26 (base 14) to base 6
-54
8 (base 15) to base 3
22
0 (base 3) to base 5
0
Convert -1b (base 14) to base 11.
-23
-120 (base 3) to base 2
-1111
What is 13 (base 6) in base 2?
1001
What is 1 (base 3) in base 11?
1
What is -40 (base 5) in base 10?
-20
What is -4 (base 7) in base 8?
-4
Convert 100000100 (base 2) to base 15.
125
-4 (base 14) to base 13
-4
What is 3 (base 6) in base 10?
3
What is 9 (base 10) in base 3?
100
What is 32 (base 10) in base 2?
100000
10001011 (base 2) to base 6
351
146 (base 7) to base 3
10002
Convert 44 (base 5) to base 12.
20
What is -44 (base 10) in base 8?
-54
What is -12a (base 13) in base 14?
-109
-3 (base 13) to base 4
-3
What is -112 (base 4) in base 2?
-10110
What is 7 (base 12) in base 2?
111
-30 (base 6) to base 11
-17
-2 (base 9) to base 11
-2
Convert 0 (base 10) to base 15.
0
What is -14 (base 5) in base 7?
-12
-34 (base 13) to base 7
-61
What is 1101001 (base 2) in base 10?
105
Convert 8 (base 9) to base 7.
11
-5 (base 14) to base 15
-5
What is 1 (base 13) in base 9?
1
Convert -432 (base 5) to base 3.
-11100
What is 0 (base 9) in base 11?
0
-3a (base 14) to base 10
-52
What is -19 (base 14) in base 11?
-21
What is 1 (base 12) in base 7?
1
Convert -78 (base 12) to base 10.
-92
What is 1a5 (base 14) in base 2?
101010101
10001 (base 2) to base 15
12
Convert 4 (base 16) to base 12.
4
Convert -100211 (base 3) to base 11.
-221
366 (base 7) to base 14
dd
Convert -3a (base 14) to base 13.
-40
-113 (base 4) to base 5
-43
What is 3 (base 13) in base 9?
3
-120 (base 4) to base 14
-1a
Convert c (base 16) to base 15.
c
Convert 43 (base 10) to base 12.
37
What is 10 (base 4) in base 9?
4
-101110 (base 2) to base 15
-31
0 (base 5) to base 16
0
Convert -2 (base 9) to base 13.
-2
Convert 5 (base 12) to base 11.
5
What is -63 (base 16) in base 12?
-83
Convert 10 (base 9) to base 13.
9
What is 6 (base 13) in base 2?
110
Convert a (base 16) to base 15.
a
What is 202 (base 3) in base 11?
19
Convert -51 (base 8) to base 10.
-41
3 (base 10) to base 12
3
Convert 12 (base 13) to base 6.
23
-4 (base 10) to base 7
-4
-3 (base 11) to base 3
-10
Convert -10 (base 10) to base 6.
-14
17 (base 16) to base 12
1b
-b1 (base 16) to base 5
-1202
-2 (base 14) to base 15
-2
What is 1211 (base 3) in base 12?
41
Convert -1 (base 4) to base 5.
-1
Convert -5 (base 13) to base 11.
-5
Convert -5 (base 10) to base 12.
-5
Convert 27 (base 13) to base 15.
23
12 (base 14) to base 6
24
What is 200 (base 8) in base 13?
9b
10 (base 5) to base 4
11
What is 6 (base 13) in base 4?
12
What is -4 (base 7) in base 8?
-4
Convert -20 (base 4) to base 2.
-1000
Convert 5 (base 10) to base 4.
11
What is -5 (base 12) in base 2?
-101
What is -3 (base 16) in base 13?
-3
-212 (base 3) to base 12
-1b
40 (base 6) to base 7
33
Convert 35 (base 9) to base 8.
40
What is 73 (base 13) in base 8?
136
Convert -11 (base 8) to base 4.
-21
Convert 2 (base 15) to base 5.
2
Convert 16 (base 13) to base 3.
201
Convert -c (base 15) to base 4.
-30
-52 (base 9) to base 13
-38
Convert 4 (base 15) to base 5.
4
-4 (base 6) to base 5
-4
-2 (base 12) to base 8
-2
What is -2 (base 8) in base 7?
-2
Convert -20 (base 6) to base 12.
-10
Convert -5 (base 10) to base 7.
-5
1a (base 13) to base 3
212
Convert -1 (base 6) to base 15.
-1
Convert -10101 (base 2) to base 12.
-19
What is 96 (base 12) in base 4?
1302
Convert 2b (base 13) to base 2.
100101
What is -1 (base 5) in base 15?
-1
-55 (base 15) to base 2
-1010000
Convert -1011111 (base 2) to base 3.
-10112
What is -343 (base 7) in base 5?
-1203
Convert -3 (base 4) to base 5.
-3
Convert -23 (base 4) to base 10.
-11
-4 (base 13) to base 16
-4
What is 11 (base 2) in base 10?
3
What is 10001 (base 2) in base 10?
17
Convert -14 (base 7) to base 4.
-23
-10210 (base 3) to base 9
-123
10 (base 9) to base 2
1001
What is 1 (base 5) in base 7?
1
What is -101011 (base 2) in base 12?
-37
What is 16 (base 13) in base 12?
17
What is 1 (base 13) in base 2?
1
Convert 0 (base 12) to base 8.
0
What is 4 (base 12) in base 13?
4
-41 (base 5) to base 14
-17
What is 152 (base 6) in base 3?
2112
Convert 10 (base 3) to base 13.
3
What is 38 (base 9) in base 8?
43
What is -42 (base 10) in base 7?
-60
What is 8 (base 11) in base 10?
8
What is 3 (base 12) in base 14?
3
32 (base 4) to base 14
10
-3 (base 8) to base 15
-3
What is -14 (base 13) in base 6?
-25
Convert -1 (base 15) to base 7.
-1
Convert 232 (base 4) to base 5.
141
What is 11 (base 10) in base 9?
12
-6 (base 14) to base 4
-12
-a0 (base 16) to base 2
-10100000
What is -145 (base 6) in base 12?
-55
What is -b (base 12) in base 6?
-15
What is -65 (base 12) in base 4?
-1031
c (base 13) to base 3
110
What is -111 (base 9) in base 10?
-91
-2 (base 4) to base 16
-2
What is 62 (base 12) in base 11?
68
12 (base 5) to base 15
7
What is 0 (base 13) in base 2?
0
What is -3031 (base 4) in base 11?
-177
141 (base 5) to base 3
1201
Convert 0 (base 10) to base 14.
0
-9 (base 13) to base 10
-9
Convert 101100 (base 2) to base 8.
54
18 (base 12) to base 4
110
Convert -a (base 12) to base 4.
-22
Convert f (base 16) to base 10.
1